17253 a prime number?
True
Is 31336035683 a composite number?
True
Is 2170383463 composite?
False
Is 1047742831 prime?
True
Is 911513591 prime?
True
Is 774470143 a prime number?
False
Is 32917911127 composite?
True
Is 3731663069 composite?
True
Is 37692119987 a composite number?
True
Is 1261679037 prime?
False
Is 119714936363 a prime number?
False
Is 369286699 a composite number?
True
Is 721450339 prime?
True
Is 1084107979 composite?
True
Is 2329112161 composite?
False
Is 3263966141 a prime number?
True
Is 23575156991 prime?
False
Is 176574329 composite?
False
Is 3114512633 composite?
True
Is 3984440717 a prime number?
False
Is 2110555381 a composite number?
True
Is 6543124787 a prime number?
False
Is 1400554003 a prime number?
True
Is 1826580541 composite?
True
Is 287190853 composite?
False
Is 43080101 a prime number?
False
Is 3718019593 a composite number?
False
Is 441226427 a prime number?
True
Is 6386110693 a prime number?
False
Is 1042548827 a composite number?
False
Is 2118605537 composite?
False
Is 1020341779 composite?
True
Is 961492439 a prime number?
True
Is 6593447543 composite?
False
Is 335529703 a composite number?
False
Is 1574385569 composite?
True
Is 569490907 composite?
False
Is 49088243 a prime number?
True
Is 18310317191 composite?
True
Is 94975476433 prime?
True
Is 35648086549 prime?
True
Is 16581391139 composite?
False
Is 21951733 a composite number?
True
Is 5198948141 a composite number?
True
Is 4149575273 prime?
False
Is 10182306019 composite?
True
Is 5395560433 prime?
False
Is 6064404257 a prime number?
True
Is 97523298601 composite?
True
Is 214334364394 a prime number?
False
Is 4647418043 a composite number?
True
Is 2712261689 composite?
True
Is 239384993 a composite number?
False
Is 5022349961 a prime number?
True
Is 3681824203 prime?
True
Is 165829151 composite?
True
Is 56151508277 a composite number?
False
Is 1405582621 a composite number?
False
Is 23620263967 composite?
False
Is 1845544474 prime?
False
Is 253472761 a composite number?
False
Is 17691953971 a prime number?
False
Is 11240180221 a prime number?
True
Is 112688783 a composite number?
True
Is 301566787 a prime number?
True
Is 39224853341 a composite number?
True
Is 3409087837 prime?
False
Is 858948211 a composite number?
True
Is 1002603083 a composite number?
True
Is 6677641199 prime?
True
Is 286534121 composite?
True
Is 43800327709 prime?
True
Is 348074999 prime?
True
Is 5116592947 prime?
True
Is 45170659741 a prime number?
True
Is 5222923 a prime number?
True
Is 12359665133 composite?
True
Is 28797725413 a composite number?
False
Is 1593260687 prime?
True
Is 351599609 composite?
True
Is 346796823851 a prime number?
False
Is 884667919 a composite number?
True
Is 1191186391 a prime number?
True
Is 52403311039 composite?
True
Is 15286390579 prime?
False
Is 89041819 prime?
False
Is 5493674597 a prime number?
True
Is 1654570903 prime?
True
Is 1094759443 a prime number?
True
Is 1773121261 composite?
True
Is 80156900641 a prime number?
True
Is 636497149 composite?
False
Is 887579599 a composite number?
False
Is 5745068237 a composite number?
False
Is 26354030891 composite?
False
Is 4507915733 a composite number?
False
Is 15356629237 composite?
True
Is 504329519 a prime number?
False
Is 7827660877 a prime number?
True
Is 658535617 composite?
False
Is 4922732039 a composite number?
False
Is 33078078157 a prime number?
True
Is 4929748517 composite?
False
Is 94394901581 a prime number?
True
Is 123388273 composite?
True
Is 1488409966 composite?
True
Is 541988497 a composite number?
False
Is 252069101 prime?
False
Is 390376139 composite?
True
Is 358944983 a prime number?
True
Is 19835863339 a prime number?
False
Is 2283065857 a composite number?
True
Is 510121093 a composite number?
False
Is 8017724521 prime?
True
Is 795750929 composite?
False
Is 923056417 composite?
False
Is 1539386101 prime?
False
Is 8117478973 a composite number?
True
Is 1255169843 a composite number?
False
Is 6603268577 prime?
True
Is 411913715 composite?
True
Is 762034783 prime?
True
Is 174033011 composite?
True
Is 5662415873 a prime number?
True
Is 5009885641 a composite number?
False
Is 20257245317 composite?
False
Is 48553262449 prime?
False
Is 196697078449 prime?
False
Is 6405055409 a composite number?
False
Is 4605635785 prime?
False
Is 2911908599 composite?
True
Is 33566608297 a composite number?
False
Is 61718819287 a prime number?
True
Is 25914549 composite?
True
Is 20237868821 a composite number?
False
Is 1632814367 a composite number?
True
Is 50739643601 a prime number?
False
Is 26592569 prime?
False
Is 95340577 a composite number?
True
Is 33250505521 a composite number?
True
Is 45918698179 a prime number?
False
Is 137132147 composite?
True
Is 165878068441 a composite number?
False
Is 17633643229 composite?
True
Is 2234324047 composite?
False
Is 6503779679 prime?
False
Is 4182097327 composite?
False
Is 57528137 composite?
True
Is 5553948553 composite?
False
Is 315834193 a composite number?
True
Is 714658877 a prime number?
False
Is 1789016367 prime?
False
Is 1574544581 prime?
False
Is 9574367069 a composite number?
False
Is 17420054273 composite?
False
Is 7127477873 composite?
False
Is 1113103039 prime?
False
Is 2657798453 a composite number?
False
Is 31465727 prime?
True
Is 5959017539 a composite number?
False
Is 120551543951 a composite number?
False
Is 6428643853 a composite number?
True
Is 1505880577 a prime number?
True
Is 38668036151 composite?
True
Is 23125695809 composite?
False
Is 78005670917 composite?
True
Is 12554178451 composite?
True
Is 635315797 a composite number?
False
Is 1677176062 a prime number?
False
Is 11833544287 composite?
False
Is 7540062311 a composite number?
False
Is 5236662301 prime?
False
Is 1704557593 a prime number?
True
Is 132379948559 composite?
False
Is 453284347 composite?
True
Is 20343175133 a prime number?
True
Is 665887133 a composite number?
False
Is 130330771 a prime number?
False
Is 297447169961 prime?
True
Is 328228621 a composite number?
True
Is 821868793 a composite number?
False
Is 10848334269 a composite number?
True
Is 75860686147 prime?
True
Is 41468892539 a composite number?
True
Is 3273673109 prime?
False
Is 1191516607 composite?
False
Is 5525078791 a prime number?
False
Is 27043720609 a prime number?
True
Is 4121852873 a composite number?
True
Is 35260931 a prime number?
True
Is 1151820739 composite?
True
Is 104598415763 composite?
True
Is 18775990433 a prime number?
True
Is 11977427767 composite?
True
Is 28014678139 a prime number?
False
Is 185055511 prime?
False
Is 60039606359 prime?
True
Is 207059849 a composite number?
False
Is 2084508823 composite?
False
Is 38371516258 a prime number?
False
Is 1141837211 a prime number?
False
Is 2699736329 prime?
True
Is 61925165381 a composite number?
False
Is 10593523579 prime?
True
Is 2772868211 prime?
False
Is 82205815915 prime?
False
Is 6859295087 a prime number?
False
Is 39147249499 prime?
True
Is 16318001473 a prime number?
False
Is 483928313 prime?
False
Is 771749063 a prime number?
True
Is 20207841279 a prime number?
False
Is 2728706713 prime?
True
Is 58001234411 a composite number?
False
Is 1635576785 a prime number?
False
Is 28973740069 a composite number?
True
Is 779800601 composite?
True
Is 22391521099 a composite number?
False
Is 418576777 composite?
False
Is 25790680811 composite?
True
Is 737208157 a prime number?
False
Is 7538757827 a prime number?
True
Is 249368299 a composite number?
True
Is 105147863 prime?
False
Is 2460087151 a prime number?
True
Is 4697618921 a composite number?
True
Is 56203815881 a prime number?
True
Is 2904715973 a prime number?
True
Is 79554384629 prime?
True
Is 87605701 composite?
False
Is 740332457 a prime number?
True
Is 2725697647 prime?
True
Is 40744357 a composite number?
True
Is 1211627959 a composite number?
True
Is 987464437 a composite number?
True
Is 22034557 a composite number?
False
Is 18044564869 a composite number?
False
Is 662251603 prime?
False
Is 8274298687 a composite number?
False
Is 655508309 a prime number?
True
Is 150371653 a prime number?
False
Is 1948015607 a prime number?
False
Is 261378853 a prime number?
False
Is 101888159 prime?
True
Is 2367470321 prime?
False
Is 24566136541 composite?
True
Is 2520074105 prime?
False
Is 